- 19*b - 10. What is a(10)?
0
Let x(g) = 2*g**2 + 7*g - 32. Determine x(-6).
-2
Let b(v) = -v**2 + 13*v + 16. Give b(11).
38
Let h(l) = l**2 - l - 9. Determine h(4).
3
Let j(l) = -l**2 - 9*l + 17. Give j(-10).
7
Let z(x) = -x**3 - 13*x**2 + 14*x + 11. What is z(-14)?
11
Let m(u) = -u**3 + 5*u**2 + 10*u - 15. Calculate m(7).
-43
Let a(u) = -14*u - 48. What is a(-5)?
22
Let z(a) = -4*a - 18. Determine z(7).
-46
Let d(l) = -5*l**2 - 58*l - 14. Calculate d(-11).
19
Let l(v) = -v**3 + 5*v**2 - 2*v + 4. Give l(5).
-6
Let s(i) = -3*i + 7. Give s(-9).
34
Let s(h) = 2*h**2 + 81*h + 109. What is s(-39)?
-8
Let x(y) = -y**2 + 38*y + 151. Determine x(42).
-17
Let t(f) = -2*f**2 - 14*f - 35. Determine t(-3).
-11
Let x(z) = -7*z**2 - z - 2. Determine x(-2).
-28
Let m(u) = u**2 + 16*u - 78. Calculate m(-20).
2
Let p(j) = -5*j + 11. What is p(-3)?
26
Let y(w) = -w**3 - 4*w**2 + 4*w - 3. Determine y(2).
-19
Let m(q) = -q**3 + 10*q**2 - 10*q + 4. Calculate m(9).
-5
Let w(n) = -12*n + 31. Determine w(5).
-29
Let r(n) = n**3 - 8*n**2 + 8*n + 6. What is r(7)?
13
Let r(o) = 4*o**2 + 2*o - 13. What is r(-5)?
77
Let r(i) = 42*i - 2. Calculate r(-1).
-44
Let z(d) = -7*d - 5. Determine z(-2).
9
Let z(g) = -g**3 - 14*g**2 + 3*g + 37. Determine z(-14).
-5
Let y(l) = -l**3 - 20*l**2 - 21*l - 18. What is y(-19)?
20
Let m(y) = 15*y + 25. Calculate m(-2).
-5
Let m(u) = u**2 + u - 3. Give m(4).
17
Let a(n) = n**3 + 8*n**2 + 5*n - 6. Determine a(-6).
36
Let f(s) = s**3 - 9*s**2 + 11*s + 8. Calculate f(8).
32
Let p(j) = j - 23. Give p(15).
-8
Let l(m) = m**3 + 6*m**2 + m - 13. What is l(-5)?
7
Let o(u) = -2*u**3 - 17*u**2 - 10*u - 20. Give o(-8).
-4
Let o(f) = -2*f**2 - 16*f - 49. Calculate o(-7).
-35
Let a(k) = k**3 + 21*k**2 - 20*k + 18. Calculate a(-22).
-26
Let x(j) = -9*j**2 - j. What is x(-1)?
-8
Let z(r) = 3*r**2 - 189*r + 183. What is z(62)?
-3
Let m(l) = -l**3 + 6*l**2 + 7. Determine m(6).
7
Let u(p) = -2*p**3 + 25*p**2 + 11*p + 11. Calculate u(13).
-15
Let z(u) = u**3 + 27*u**2 + 50*u + 10. Calculate z(-25).
10
Let u(k) = -4*k + 12. Give u(-11).
56
Let o(c) = 5*c + 2. Give o(-5).
-23
Let u(q) = -2*q**2 - q + 2. Give u(-2).
-4
Let j(p) = -72*p**3 + 3*p**2 - p + 1. What is j(1)?
-69
Let c(y) = 2*y**2 - 3*y - 3. Give c(2).
-1
Let n(o) = -o**3 - 24*o**2 - 25*o - 17. Determine n(-23).
29
Let h(x) = 2*x**3 - 24*x**2 - 3*x - 12. Calculate h(12).
-48
Let j(w) = -68*w + 212. Calculate j(3).
8
Let h(v) = -v**2 + 19*v + 36. What is h(20)?
16
Let i(s) = 4*s**2 - 38*s - 3. Determine i(10).
17
Let b(q) = 3*q**3 - 6*q - 2. Determine b(3).
61
Let w(k) = 15*k**2 + 5*k - 5. Determine w(2).
65
Let x(l) = 37*l**3 + 2*l**2 - l. Give x(1).
38
Let f(q) = -q**3 + 13*q**2 - 2*q - 26. Give f(0).
-26
Let m(o) = o**3 + 8*o**2 + 8*o + 2. What is m(-7)?
-5
Let l(t) = t - 12. What is l(19)?
7
Let i(c) = c**3 + 2*c**2 + 6*c - 3. What is i(-3)?
-30
Let q(w) = w**2 - 19*w + 42. Give q(15).
-18
Let a(i) = -8*i + 89. What is a(0)?
89
Let r(m) = -m**2 + 23*m - 57. Give r(3).
3
Let u(h) = -h**3 + 5*h**2 + 3*h + 14. Calculate u(6).
-4
Let p(n) = -19*n**3 + n**2 - n + 1. Calculate p(1).
-18
Let c(v) = v**2 - 4*v + 1. Determine c(5).
6
Let l(a) = -2*a**2 + 3. Calculate l(5).
-47
Let r(l) = 2*l - 14. What is r(-12)?
-38
Let g(b) = 2*b + 17. Determine g(-7).
3
Let h(u) = -u**2 + 2. What is h(2)?
-2
Let a(q) = 3*q. What is a(2)?
6
Let i(z) = -z**2 + 4. Determine i(-3).
-5
Let l(h) = -26*h**3 + h**2 - h + 2. Calculate l(1).
-24
Let o(p) = -p**2 + 13*p + 71. Calculate o(18).
-19
Let x(w) = w**2 - w - 2. Calculate x(0).
-2
Let p(t) = -t**3 + 5*t**2 - 3*t - 1. Give p(5).
-16
Let k(c) = c**2 + 11*c + 17. What is k(-9)?
-1
Let v(j) = j**3 + 2*j**2 - 7*j + 1. What is v(-4)?
-3
Let c(j) = -j**3 - 34*j**2 + 36*j + 28. What is c(-35)?
-7
Let p(t) = 9*t - 25. Determine p(3).
2
Let o(w) = 197*w**2 + w - 2. Calculate o(-1).
194
Let n(v) = 2*v**3 - 5*v**2 + 3. Calculate n(3).
12
Let u(i) = -2*i**2 + 4*i + 3. Determine u(4).
-13
Let q(u) = -u**3 - 6*u**2 + 5*u + 6. What is q(-6)?
-24
Let b(i) = 49*i**3 - i - 2. What is b(-1)?
-50
Let j(x) = -6*x + 20. Calculate j(3).
2
Let s(x) = 4*x + 25. Calculate s(-12).
-23
Let u(w) = -8*w - 3. Calculate u(-4).
29
Let w(b) = -b**2 - 11*b + 13. What is w(-10)?
23
Let d(j) = j**2 + 6*j + 5. Determine d(-8).
21
Let k(o) = o**3 + 5*o**2 + 2*o - 2. Determine k(-5).
-12
Let s(a) = 7*a**2 + a + 2. What is s(-2)?
28
Let n(l) = l**3 + 5*l**2 + 16. Give n(-6).
-20
Let q(t) = -27*t + 133. Calculate q(4).
25
Let d(p) = 4*p + 45. Give d(-15).
-15
Let z(m) = -9*m + 1. Give z(2).
-17
Let k(u) = -u - 19. What is k(-7)?
-12
Let n(y) = y**3 + 13*y**2 + 17*y + 33. What is n(-12)?
-27
Let m(u) = 10*u**2 + u. Calculate m(-1).
9
Let s(f) = f**3 + 43*f**2 + 2*f + 91. Give s(-43).
5
Let q(l) = -2*l + 2. Determine q(4).
-6
Let b(r) = -r**2 + 7*r - 6. Determine b(6).
0
Let y(q) = q + 10. Give y(17).
27
Let k(p) = -4*p + 15. Determine k(7).
-13
Let m(f) = -f**2 + 15*f - 17. Give m(14).
-3
Let d(h) = h**3 - 2*h**2 + 6*h + 15. What is d(0)?
15
Let u(m) = m - 3. Calculate u(4).
1
Let b(h) = -h**3 + 6*h**2 + 5*h - 3. Give b(8).
-91
Let o(u) = -2*u**3 + u**2 + u - 4. What is o(3)?
-46
Let i(q) = -q**2 + 12*q + 1. What is i(12)?
1
Let c(q) = -32*q - 17. Calculate c(4).
-145
Let w(x) = -2*x**2 - 77*x + 4. What is w(-39)?
-35
Let s(c) = -3*c**3 + 2*c**2 + c - 2. Calculate s(2).
-16
Let h(q) = q**2 + 11*q + 1. Calculate h(-8).
-23
Let w(s) = -s**2 - 17*s + 107. Calculate w(5).
-3
Let g(u) = -u - 2. What is g(-2)?
0
Let z(i) = -2*i**2 - 30*i - 42. Give z(-14).
-14
Let g(k) = -k**3 + 8*k**2 - 10*k + 18. Calculate g(7).
-3
Let t(s) = 5*s - 40. Calculate t(18).
50
Let j(s) = -13*s + 3. What is j(3)?
-36
Let z(y) = -2*y**2 + 11*y + 8. What is z(5)?
13
Let z(u) = -3*u - 46. Calculate z(-14).
-4
Let x(g) = -g**3 - 19*g**2 + 20*g - 2. Calculate x(-20).
-2
Let n(a) = 4*a**2 - a - 44. What is n(-6)?
106
Let y(i) = i**3 - 2*i**2 - 6*i - 6. What is y(4)?
2
Let z(q) = q - 11. Calculate z(7).
-4
Let a(f) = -2*f**2 + 8*f + 6. Give a(5).
-4
Let f(n) = 2*n**2. Give f(-4).
32
Let v(g) = -2*g**3 - 7*g**2 + 6*g + 8. Calculate v(-4).
0
Let l(o) = o + 2. Give l(4).
6
Let m(w) = w**2 + 14*w - 7. Determine m(-9).
-52
Let a(f) = -f**2 + f + 19. Determine a(6).
-11
Let n(o) = -o**2 + 11*o + 48. Determine n(14).
6
Let q(f) = -2*f + 14. Determine q(10).
-6
Let a(l) = 5*l - 9. Determine a(-7).
-44
Let x(z) = 7*z - 3. Determine x(2).
11
Let c(t) = -t**3 + 4*t**2 - t - 5. Calculate c(4).
-9
Let h(d) = -d**2 + 25*d - 25. Calculate h(25).
-25
Let z(p) = 2*p**3 - 7*p**2 - 12*p + 7. Determine z(5).
22
Let p(x) = x**3 + 8*x**2 - 13*x - 4. What is p(-11)?
-224
Let j(w) = w**2 + 11*w + 28. What is j(-8)?
4
Let l(x) = 4*x**2 - 3*x. Give l(8).
232
Let w(t) = -t**2 - 12*t - 5. What is w(-9)?
22
Let d(a) = -a**2 - 55. Give d(0).
-55
Let k(r) = -r**3 + r**2 + 5*r + 2. Give k(-4).
62
Let o(r) = r**3 + 44*r**2 + 45*r + 77. Calculate o(-43).
-9
Let p(g) = -g**2 - g + 56. What is p(0)?
56
Let i(g) = 3*g - 21. What is i(-3)?
-30
Let y(q) = q**3 - 5*q**2 + 4*q - 2. What is y(5)?
18
Let z(b) = -14*b**2 + 2*b - 2. Give z(1).
-14
Let k(u) = u**3 - u**2 + 2*u + 38. Give k(0).
38
Let j(c) = -13*c - 19. Determine j(-4).
33
Let c(d) = 11*d**3 + 2*d**2 - d - 1. Give c(-1).
-9
Let f(r) = -22*r**3 + 3*r**2 + 10*r + 8. Determine f(-1).
23
Let b(y) = -11*y + 1. Determine b(2).
-21
Let o(p) = -p**2 + 5. Determine o(5).
-20
Let c(j) = -j**2 + 3*j + 3. Calculate c(-3).
-15
Let k(u) = -u**3 - 19*u**2 - 18*u - 15. Determine k(-18).
-15
Let d(r) = r**3 + 4*r**2 - 8*r - 12. Give d(-6).
-36
Let v(l) = l**2 + 9*l + 10. What is v(-9)?
10
Let z(u) = 8*u**3 + 2*u**2 - 2. Determine z(-1).
-8
Let v(j) = -j**3 - 27*j**2 + 26*j - 49. What is v(-28)?
7
Let z(l) = l**3 - 10*l**2 - 10*l - 14. Give z(11).
-3
Let v(q) = -q**3 - 2*q**2 + 3*q + 1. Give v(-4).
21
Let v(p) = p**2 - 4. Give v(0).
-4
Let f(a) = a**2 + 7*a - 81. Give f(7).
17
Let m(w) = -10*w - 335. What is m(-32)?
-15
Let k(c) = -3*c**2 + 3*c. What is k(-1)?
-6
Let a(v) = -v**3 - 3*v**2 - 5. Give a(-2).
-9
Let f(s) = -2*s**3 + 45*s**2 + 71*s + 36. Calculate f(24).
12
Let q(s) = -9*s**3 - 126*s**2 - s - 22. Determine q(-14).
-8
Let n(s) = s + 41. What is n(-27)?
14
Let b(u) = 8*u**2 + 3*u + 2. Give b(-2).
28
Let d(p) = 38*p**3 - 2*p**2 - 2